{"id":560,"date":"2015-10-26T19:48:31","date_gmt":"2015-10-26T18:48:31","guid":{"rendered":"https:\/\/panaderialartica.com\/fr\/?page_id=560"},"modified":"2023-08-03T20:13:01","modified_gmt":"2023-08-03T18:13:01","slug":"entreprise","status":"publish","type":"page","link":"https:\/\/panaderialartica.com\/fr\/entreprise\/","title":{"rendered":"L&rsquo;entreprise"},"content":{"rendered":"\t\t<div data-elementor-type=\"wp-page\" data-elementor-id=\"560\" class=\"elementor elementor-560 elementor-398\" data-elementor-post-type=\"page\">\n\t\t\t\t\t\t<section class=\"elementor-section elementor-top-section elementor-element elementor-element-23d9182 elementor-section-content-middle elementor-section-boxed elementor-section-height-default elementor-section-height-default\" data-id=\"23d9182\" data-element_type=\"section\" data-e-type=\"section\">\n\t\t\t\t\t\t<div class=\"elementor-container elementor-column-gap-extended\">\n\t\t\t\t\t<div class=\"elementor-column elementor-col-50 elementor-top-column elementor-element elementor-element-5a2aa4f\" data-id=\"5a2aa4f\" data-element_type=\"column\" data-e-type=\"column\">\n\t\t\t<div class=\"elementor-widget-wrap elementor-element-populated\">\n\t\t\t\t\t\t<div class=\"elementor-element elementor-element-98b3a1d elementor-widget elementor-widget-image\" data-id=\"98b3a1d\" data-element_type=\"widget\" data-e-type=\"widget\" data-settings=\"{&quot;_animation&quot;:&quot;none&quot;}\" data-widget_type=\"image.default\">\n\t\t\t\t<div class=\"elementor-widget-container\">\n\t\t\t\t\t\t\t\t\t\t\t\t\t\t\t<img fetchpriority=\"high\" decoding=\"async\" width=\"600\" height=\"600\" src=\"https:\/\/panaderialartica.com\/wp-content\/uploads\/lartica-exterior-cuadrado.jpg\" class=\"attachment-full size-full wp-image-1614\" alt=\"Vista exterior de la panader\u00eda L&#039;Artica de Alqu\u00e9zar\" srcset=\"https:\/\/panaderialartica.com\/wp-content\/uploads\/lartica-exterior-cuadrado.jpg 600w, https:\/\/panaderialartica.com\/wp-content\/uploads\/lartica-exterior-cuadrado-300x300.jpg 300w, https:\/\/panaderialartica.com\/wp-content\/uploads\/lartica-exterior-cuadrado-150x150.jpg 150w\" sizes=\"(max-width: 600px) 100vw, 600px\" \/>\t\t\t\t\t\t\t\t\t\t\t\t\t\t\t<\/div>\n\t\t\t\t<\/div>\n\t\t\t\t\t<\/div>\n\t\t<\/div>\n\t\t\t\t<div class=\"elementor-column elementor-col-50 elementor-top-column elementor-element elementor-element-dd09b37\" data-id=\"dd09b37\" data-element_type=\"column\" data-e-type=\"column\">\n\t\t\t<div class=\"elementor-widget-wrap elementor-element-populated\">\n\t\t\t\t\t\t<section class=\"elementor-section elementor-inner-section elementor-element elementor-element-789d503 elementor-section-boxed elementor-section-height-default elementor-section-height-default\" data-id=\"789d503\" data-element_type=\"section\" data-e-type=\"section\">\n\t\t\t\t\t\t<div class=\"elementor-container elementor-column-gap-default\">\n\t\t\t\t\t<div class=\"elementor-column elementor-col-100 elementor-inner-column elementor-element elementor-element-54bb60f\" data-id=\"54bb60f\" data-element_type=\"column\" data-e-type=\"column\">\n\t\t\t<div class=\"elementor-widget-wrap elementor-element-populated\">\n\t\t\t\t\t\t<div class=\"elementor-element elementor-element-2251a52 elementor-widget elementor-widget-heading\" data-id=\"2251a52\" data-element_type=\"widget\" data-e-type=\"widget\" data-widget_type=\"heading.default\">\n\t\t\t\t<div class=\"elementor-widget-container\">\n\t\t\t\t\t<h2 class=\"elementor-heading-title elementor-size-default\">L'Artica est une boulangerie artisanale, avec une caf\u00e9t\u00e9ria et une salle de d\u00e9gustation.<\/h2>\t\t\t\t<\/div>\n\t\t\t\t<\/div>\n\t\t\t\t<div class=\"elementor-element elementor-element-2122af6 elementor-widget elementor-widget-text-editor\" data-id=\"2122af6\" data-element_type=\"widget\" data-e-type=\"widget\" data-widget_type=\"text-editor.default\">\n\t\t\t\t<div class=\"elementor-widget-container\">\n\t\t\t\t\t\t\t\t\t<p>Dans un environnement privil\u00e9gi\u00e9, nous avons le four \u00e0 bois, nich\u00e9 \u00e0 quelques m\u00e8tres de profondeur dans la roche d&rsquo;un ravin de la Sierra de Guara, qui nous permet de profiter de temp\u00e9ratures magnifiques pour la cuisson, obtenant du pain et des p\u00e2tisseries de tr\u00e8s bonne qualit\u00e9.<\/p>\t\t\t\t\t\t\t\t<\/div>\n\t\t\t\t<\/div>\n\t\t\t\t\t<\/div>\n\t\t<\/div>\n\t\t\t\t\t<\/div>\n\t\t<\/section>\n\t\t\t\t\t<\/div>\n\t\t<\/div>\n\t\t\t\t\t<\/div>\n\t\t<\/section>\n\t\t\t\t<section class=\"elementor-section elementor-top-section elementor-element elementor-element-5058e06 elementor-section-content-middle elementor-reverse-mobile elementor-section-boxed elementor-section-height-default elementor-section-height-default\" data-id=\"5058e06\" data-element_type=\"section\" data-e-type=\"section\">\n\t\t\t\t\t\t<div class=\"elementor-container elementor-column-gap-extended\">\n\t\t\t\t\t<div class=\"elementor-column elementor-col-50 elementor-top-column elementor-element elementor-element-2ba2805\" data-id=\"2ba2805\" data-element_type=\"column\" data-e-type=\"column\">\n\t\t\t<div class=\"elementor-widget-wrap elementor-element-populated\">\n\t\t\t\t\t\t<section class=\"elementor-section elementor-inner-section elementor-element elementor-element-90d687a elementor-section-boxed elementor-section-height-default elementor-section-height-default\" data-id=\"90d687a\" data-element_type=\"section\" data-e-type=\"section\">\n\t\t\t\t\t\t<div class=\"elementor-container elementor-column-gap-default\">\n\t\t\t\t\t<div class=\"elementor-column elementor-col-100 elementor-inner-column elementor-element elementor-element-a240086\" data-id=\"a240086\" data-element_type=\"column\" data-e-type=\"column\">\n\t\t\t<div class=\"elementor-widget-wrap elementor-element-populated\">\n\t\t\t\t\t\t<div class=\"elementor-element elementor-element-75bc927 elementor-widget elementor-widget-heading\" data-id=\"75bc927\" data-element_type=\"widget\" data-e-type=\"widget\" data-widget_type=\"heading.default\">\n\t\t\t\t<div class=\"elementor-widget-container\">\n\t\t\t\t\t<h2 class=\"elementor-heading-title elementor-size-default\">Engag\u00e9 pour le territoire<\/h2>\t\t\t\t<\/div>\n\t\t\t\t<\/div>\n\t\t\t\t<div class=\"elementor-element elementor-element-69c66c6 elementor-widget elementor-widget-text-editor\" data-id=\"69c66c6\" data-element_type=\"widget\" data-e-type=\"widget\" data-widget_type=\"text-editor.default\">\n\t\t\t\t<div class=\"elementor-widget-container\">\n\t\t\t\t\t\t\t\t\t<p>Nous travaillons avec d&rsquo;excellents produits de la r\u00e9gion, des vari\u00e9t\u00e9s saisonni\u00e8res et indig\u00e8nes. Chaque phase de notre processus de production est r\u00e9alis\u00e9e \u00e0 l&rsquo;ancienne, sans chambres de fermentation, en choyant le produit et en essayant de maintenir les coutumes.<\/p>\t\t\t\t\t\t\t\t<\/div>\n\t\t\t\t<\/div>\n\t\t\t\t\t<\/div>\n\t\t<\/div>\n\t\t\t\t\t<\/div>\n\t\t<\/section>\n\t\t\t\t\t<\/div>\n\t\t<\/div>\n\t\t\t\t<div class=\"elementor-column elementor-col-50 elementor-top-column elementor-element elementor-element-67d93ae\" data-id=\"67d93ae\" data-element_type=\"column\" data-e-type=\"column\">\n\t\t\t<div class=\"elementor-widget-wrap elementor-element-populated\">\n\t\t\t\t\t\t<div class=\"elementor-element elementor-element-6522b0a elementor-widget elementor-widget-image\" data-id=\"6522b0a\" data-element_type=\"widget\" data-e-type=\"widget\" data-settings=\"{&quot;_animation&quot;:&quot;none&quot;}\" data-widget_type=\"image.default\">\n\t\t\t\t<div class=\"elementor-widget-container\">\n\t\t\t\t\t\t\t\t\t\t\t\t\t\t\t<img decoding=\"async\" width=\"600\" height=\"601\" src=\"https:\/\/panaderialartica.com\/wp-content\/uploads\/mayte-enrique-cuadrado.jpg\" class=\"attachment-full size-full wp-image-1727\" alt=\"Mayte y Enrique\" srcset=\"https:\/\/panaderialartica.com\/wp-content\/uploads\/mayte-enrique-cuadrado.jpg 600w, https:\/\/panaderialartica.com\/wp-content\/uploads\/mayte-enrique-cuadrado-300x300.jpg 300w, https:\/\/panaderialartica.com\/wp-content\/uploads\/mayte-enrique-cuadrado-150x150.jpg 150w\" sizes=\"(max-width: 600px) 100vw, 600px\" \/>\t\t\t\t\t\t\t\t\t\t\t\t\t\t\t<\/div>\n\t\t\t\t<\/div>\n\t\t\t\t\t<\/div>\n\t\t<\/div>\n\t\t\t\t\t<\/div>\n\t\t<\/section>\n\t\t\t\t<\/div>\n\t\t","protected":false},"excerpt":{"rendered":"<p>L&rsquo;entreprise L&rsquo;entreprise L&rsquo;entreprise L&rsquo;Artica est une boulangerie artisanale, avec une caf\u00e9t\u00e9ria et une salle de d\u00e9gustation. Dans un environnement privil\u00e9gi\u00e9, nous avons le four \u00e0 bois, nich\u00e9 \u00e0 quelques m\u00e8tres de profondeur dans la roche d&rsquo;un ravin de la Sierra de Guara, qui nous permet de profiter de temp\u00e9ratures magnifiques pour la cuisson, obtenant du&hellip;<\/p>\n","protected":false},"author":5,"featured_media":0,"parent":0,"menu_order":0,"comment_status":"closed","ping_status":"closed","template":"","meta":{"footnotes":""},"class_list":["post-560","page","type-page","status-publish","hentry"],"_links":{"self":[{"href":"https:\/\/panaderialartica.com\/fr\/wp-json\/wp\/v2\/pages\/560","targetHints":{"allow":["GET"]}}],"collection":[{"href":"https:\/\/panaderialartica.com\/fr\/wp-json\/wp\/v2\/pages"}],"about":[{"href":"https:\/\/panaderialartica.com\/fr\/wp-json\/wp\/v2\/types\/page"}],"author":[{"embeddable":true,"href":"https:\/\/panaderialartica.com\/fr\/wp-json\/wp\/v2\/users\/5"}],"replies":[{"embeddable":true,"href":"https:\/\/panaderialartica.com\/fr\/wp-json\/wp\/v2\/comments?post=560"}],"version-history":[{"count":8,"href":"https:\/\/panaderialartica.com\/fr\/wp-json\/wp\/v2\/pages\/560\/revisions"}],"predecessor-version":[{"id":1763,"href":"https:\/\/panaderialartica.com\/fr\/wp-json\/wp\/v2\/pages\/560\/revisions\/1763"}],"wp:attachment":[{"href":"https:\/\/panaderialartica.com\/fr\/wp-json\/wp\/v2\/media?parent=560"}],"curies":[{"name":"wp","href":"https:\/\/api.w.org\/{rel}","templated":true}]}}

<div data-elementor-type="wp-page" data-elementor-id="560" class="elementor elementor-560 elementor-398" data-elementor-post-type="page">
						<section class="elementor-section elementor-top-section elementor-element elementor-element-23d9182 elementor-section-content-middle elementor-section-boxed elementor-section-height-default elementor-section-height-default" data-id="23d9182" data-element_type="section" data-e-type="section">
						<div class="elementor-container elementor-column-gap-extended">
					<div class="elementor-column elementor-col-50 elementor-top-column elementor-element elementor-element-5a2aa4f" data-id="5a2aa4f" data-element_type="column" data-e-type="column">
			<div class="elementor-widget-wrap elementor-element-populated">
						<div class="elementor-element elementor-element-98b3a1d elementor-widget elementor-widget-image" data-id="98b3a1d" data-element_type="widget" data-e-type="widget" data-settings="{&quot;_animation&quot;:&quot;none&quot;}" data-widget_type="image.default">
				<div class="elementor-widget-container">
															<img fetchpriority="high" decoding="async" width="600" height="600" src="https://panaderialartica.com/wp-content/uploads/lartica-exterior-cuadrado.jpg" class="attachment-full size-full wp-image-1614" alt="Vista exterior de la panadería L&#039;Artica de Alquézar" srcset="https://panaderialartica.com/wp-content/uploads/lartica-exterior-cuadrado.jpg 600w, https://panaderialartica.com/wp-content/uploads/lartica-exterior-cuadrado-300x300.jpg 300w, https://panaderialartica.com/wp-content/uploads/lartica-exterior-cuadrado-150x150.jpg 150w" sizes="(max-width: 600px) 100vw, 600px" />															</div>
				</div>
					</div>
		</div>
				<div class="elementor-column elementor-col-50 elementor-top-column elementor-element elementor-element-dd09b37" data-id="dd09b37" data-element_type="column" data-e-type="column">
			<div class="elementor-widget-wrap elementor-element-populated">
						<section class="elementor-section elementor-inner-section elementor-element elementor-element-789d503 elementor-section-boxed elementor-section-height-default elementor-section-height-default" data-id="789d503" data-element_type="section" data-e-type="section">
						<div class="elementor-container elementor-column-gap-default">
					<div class="elementor-column elementor-col-100 elementor-inner-column elementor-element elementor-element-54bb60f" data-id="54bb60f" data-element_type="column" data-e-type="column">
			<div class="elementor-widget-wrap elementor-element-populated">
						<div class="elementor-element elementor-element-2251a52 elementor-widget elementor-widget-heading" data-id="2251a52" data-element_type="widget" data-e-type="widget" data-widget_type="heading.default">
				<div class="elementor-widget-container">
					<h2 class="elementor-heading-title elementor-size-default">L'Artica est une boulangerie artisanale, avec une cafétéria et une salle de dégustation.</h2>				</div>
				</div>
				<div class="elementor-element elementor-element-2122af6 elementor-widget elementor-widget-text-editor" data-id="2122af6" data-element_type="widget" data-e-type="widget" data-widget_type="text-editor.default">
				<div class="elementor-widget-container">
									<p>Dans un environnement privilégié, nous avons le four à bois, niché à quelques mètres de profondeur dans la roche d&rsquo;un ravin de la Sierra de Guara, qui nous permet de profiter de températures magnifiques pour la cuisson, obtenant du pain et des pâtisseries de très bonne qualité.</p>								</div>
				</div>
					</div>
		</div>
					</div>
		</section>
					</div>
		</div>
					</div>
		</section>
				<section class="elementor-section elementor-top-section elementor-element elementor-element-5058e06 elementor-section-content-middle elementor-reverse-mobile elementor-section-boxed elementor-section-height-default elementor-section-height-default" data-id="5058e06" data-element_type="section" data-e-type="section">
						<div class="elementor-container elementor-column-gap-extended">
					<div class="elementor-column elementor-col-50 elementor-top-column elementor-element elementor-element-2ba2805" data-id="2ba2805" data-element_type="column" data-e-type="column">
			<div class="elementor-widget-wrap elementor-element-populated">
						<section class="elementor-section elementor-inner-section elementor-element elementor-element-90d687a elementor-section-boxed elementor-section-height-default elementor-section-height-default" data-id="90d687a" data-element_type="section" data-e-type="section">
						<div class="elementor-container elementor-column-gap-default">
					<div class="elementor-column elementor-col-100 elementor-inner-column elementor-element elementor-element-a240086" data-id="a240086" data-element_type="column" data-e-type="column">
			<div class="elementor-widget-wrap elementor-element-populated">
						<div class="elementor-element elementor-element-75bc927 elementor-widget elementor-widget-heading" data-id="75bc927" data-element_type="widget" data-e-type="widget" data-widget_type="heading.default">
				<div class="elementor-widget-container">
					<h2 class="elementor-heading-title elementor-size-default">Engagé pour le territoire</h2>				</div>
				</div>
				<div class="elementor-element elementor-element-69c66c6 elementor-widget elementor-widget-text-editor" data-id="69c66c6" data-element_type="widget" data-e-type="widget" data-widget_type="text-editor.default">
				<div class="elementor-widget-container">
									<p>Nous travaillons avec d&rsquo;excellents produits de la région, des variétés saisonnières et indigènes. Chaque phase de notre processus de production est réalisée à l&rsquo;ancienne, sans chambres de fermentation, en choyant le produit et en essayant de maintenir les coutumes.</p>								</div>
				</div>
					</div>
		</div>
					</div>
		</section>
					</div>
		</div>
				<div class="elementor-column elementor-col-50 elementor-top-column elementor-element elementor-element-67d93ae" data-id="67d93ae" data-element_type="column" data-e-type="column">
			<div class="elementor-widget-wrap elementor-element-populated">
						<div class="elementor-element elementor-element-6522b0a elementor-widget elementor-widget-image" data-id="6522b0a" data-element_type="widget" data-e-type="widget" data-settings="{&quot;_animation&quot;:&quot;none&quot;}" data-widget_type="image.default">
				<div class="elementor-widget-container">
															<img decoding="async" width="600" height="601" src="https://panaderialartica.com/wp-content/uploads/mayte-enrique-cuadrado.jpg" class="attachment-full size-full wp-image-1727" alt="Mayte y Enrique" srcset="https://panaderialartica.com/wp-content/uploads/mayte-enrique-cuadrado.jpg 600w, https://panaderialartica.com/wp-content/uploads/mayte-enrique-cuadrado-300x300.jpg 300w, https://panaderialartica.com/wp-content/uploads/mayte-enrique-cuadrado-150x150.jpg 150w" sizes="(max-width: 600px) 100vw, 600px" />															</div>
				</div>
					</div>
		</div>
					</div>
		</section>
				</div>

<p>L&rsquo;entreprise L&rsquo;entreprise L&rsquo;entreprise L&rsquo;Artica est une boulangerie artisanale, avec une cafétéria et une salle de dégustation. Dans un environnement privilégié, nous avons le four à bois, niché à quelques mètres de profondeur dans la roche d&rsquo;un ravin de la Sierra de Guara, qui nous permet de profiter de températures magnifiques pour la cuisson, obtenant du&hellip;</p>
